9?
True
Is 23564 even?
True
Is 13 a factor of 52659?
False
Is 5716428 a multiple of 157?
False
Is 4123321 a multiple of 425?
False
Is 5992 a multiple of 28?
True
Does 30 divide 16802?
False
Does 111 divide 131716?
False
Does 95 divide 228676?
False
Is 796891 a multiple of 852?
False
Is 23 a factor of 7742168?
True
Does 263 divide 170161?
True
Is 12860 a multiple of 2?
True
Does 43 divide 9711957?
False
Is 40225 a multiple of 19?
False
Is 2095600 a multiple of 325?
True
Is 5 a factor of 71605?
True
Is 5647630 a multiple of 12?
False
Does 3 divide 1025274?
True
Is 12 a factor of 1710252?
True
Is 78673 even?
False
Is 1951422 a multiple of 5?
False
Is 45380 a multiple of 6?
False
Is 247170 a multiple of 214?
True
Does 64 divide 1060887?
False
Does 18 divide 18332992?
False
Is 4003760 a multiple of 12?
False
Is 248 a factor of 33328?
False
Is 5 a factor of 249952?
False
Is 6442 a multiple of 7?
False
Does 69 divide 451812?
True
Does 44 divide 51720?
False
Is 355 a factor of 44510?
False
Is 265 a factor of 31800?
True
Is 200 a factor of 25600?
True
Is 389763 a multiple of 341?
True
Is 122 a factor of 4068456?
True
Is 486193 even?
False
Is 13 a factor of 2009345?
True
Does 1302 divide 10537679?
False
Does 13 divide 536562?
True
Does 17 divide 154111?
False
Is 25879 a multiple of 646?
False
Does 39 divide 280098?
True
Is 4107344 a multiple of 76?
True
Is 447219 a multiple of 58?
False
Is 758579 a multiple of 442?
False
Does 95 divide 111530?
True
Is 152145 a multiple of 319?
False
Is 157949 a multiple of 17?
False
Is 102 a factor of 7904044?
False
Does 21 divide 195645?
False
Is 1406100 a multiple of 110?
False
Does 4 divide 300805?
False
Is 10084408 a multiple of 79?
False
Does 150 divide 183600?
True
Is 75054 a multiple of 12?
False
Does 52 divide 861799?
False
Is 7 a factor of 2010757?
True
Is 991536 a multiple of 42?
True
Is 18 a factor of 135612?
True
Is 360707 a multiple of 18?
False
Is 12631 a multiple of 17?
True
Is 536500 a multiple of 145?
True
Does 32 divide 276384?
True
Is 4 a factor of 7456?
True
Is 3839151 a multiple of 92?
False
Is 436 a factor of 10234664?
True
Does 8 divide 383984?
True
Does 935 divide 1281885?
True
Does 109 divide 63044?
False
Is 325609 a multiple of 42?
False
Is 24 a factor of 68160?
True
Does 16 divide 68396?
False
Does 18 divide 81482?
False
Does 31 divide 13020?
True
Is 31924 a multiple of 19?
False
Is 18 a factor of 1102297?
False
Is 1646 a factor of 7100479?
False
Does 3 divide 273470?
False
Is 13376 a multiple of 76?
True
Is 1242542 a multiple of 20?
False
Is 27 a factor of 7081271?
False
Does 49 divide 2467405?
False
Is 157429 a multiple of 371?
False
Does 86 divide 639377?
False
Does 9 divide 600246?
True
Does 502 divide 3029338?
False
Is 76 a factor of 557080?
True
Is 3746040 a multiple of 12?
True
Does 684 divide 976043?
False
Is 8 a factor of 3327152?
True
Does 58 divide 5554466?
False
Does 564 divide 2731887?
False
Is 11696216 a multiple of 631?
True
Does 249 divide 441940?
False
Does 12 divide 521736?
True
Does 52 divide 697216?
True
Is 8 a factor of 272632?
True
Is 281657 a multiple of 23?
False
Is 7 a factor of 1473052?
True
Does 20 divide 272910?
False
Is 35267 a multiple of 19?
False
Is 10452877 a multiple of 36?
False
Is 526007 a multiple of 380?
False
Is 6585233 a multiple of 52?
False
Is 596592 a multiple of 5?
False
Is 1632048 a multiple of 170?
False
Does 37 divide 14873901?
False
Is 807 a factor of 6505118?
False
Is 10 a factor of 1019650?
True
Is 181682 a multiple of 14?
False
Does 152 divide 315856?
True
Does 87 divide 5126823?
True
Does 266 divide 217108?
False
Does 81 divide 897379?
False
Is 42 a factor of 504877?
False
Is 217242 a multiple of 27?
True
Does 5 divide 60740?
True
Is 73 a factor of 289050?
False
Is 6 a factor of 71058?
True
Is 28 a factor of 14359002?
False
Is 781 a factor of 1560808?
False
Does 10 divide 7534980?
True
Is 6912864 a multiple of 762?
True
Does 75 divide 708825?
True
Does 14 divide 2302538?
True
Is 2141864 a multiple of 8?
True
Does 60 divide 1789259?
False
Is 196893 a multiple of 393?
True
Does 97 divide 167519?
True
Is 15 a factor of 347250?
True
Is 11 a factor of 6107343?
True
Is 11153671 a multiple of 162?
False
Is 183395 a multiple of 43?
True
Is 62777 a multiple of 11?
True
Does 93 divide 34197?
False
Does 90 divide 17816?
False
Does 149 divide 284441?
True
Does 145 divide 468750?
False
Is 214436 a multiple of 209?
False
Does 22 divide 448718?
False
Is 2025600 a multiple of 12?
True
Does 23 divide 52555?
True
Is 7376695 a multiple of 37?
False
Is 149273 a multiple of 23?
False
Is 434 a factor of 725748?
False
Is 18 a factor of 102925?
False
Does 5 divide 1541664?
False
Is 10318 a multiple of 154?
True
Does 685 divide 8417070?
False
Is 87780 a multiple of 84?
True
Does 92 divide 155258?
False
Is 906035 a multiple of 14?
False
Is 7 a factor of 53809?
True
Is 82 a factor of 41164?
True
Does 11 divide 20152341?
True
Is 396962 a multiple of 82?
True
Is 418209 a multiple of 57?
True
Is 44 a factor of 1222627?
False
Is 20 a factor of 470366?
False
Does 53 divide 1028159?
False
Is 844 a multiple of 2?
True
Does 148 divide 12580?
True
Is 170 a factor of 24661224?
False
Is 76400 a multiple of 80?
True
Is 27 a factor of 194211?
True
Does 131 divide 2674587?
False
Does 98 divide 550932?
False
Is 29 a factor of 834117?
False
Does 8 divide 83079?
False
Is 18 a factor of 59499?
False
Is 28 a factor of 5600?
True
Does 26 divide 66528?
False
Does 108 divide 1289088?
True
Is 66 a factor of 308418?
True
Is 307 a factor of 119237?
False
Does 133 divide 7106722?
True
Does 286 divide 96423?
False
Is 92259 a multiple of 17?
True
Is 65 a factor of 7667075?
True
Does 32 divide 1304704?
True
Is 2407 a factor of 5550542?
True
Is 483872 a multiple of 12?
False
Does 92 divide 247200?
False
Is 645 a factor of 1089572?
False
Does 77 divide 2221604?
True
Does 86 divide 182705?
False
Does 44 divide 6907677?
False
Is 124 a factor of 3881944?
True
Does 15 divide 369060?
True
Is 6 a factor of 1176?
True
Is 66 a factor of 44418?
True
Does 37 divide 40137?
False
Is 2 a factor of 46383?
False
Is 4280469 a multiple of 181?
True
Is 6478 a multiple of 79?
True
Is 111 a factor of 50949?
True
Does 19 divide 366776?
True
Does 106 divide 372166?
True
Is 242 a factor of 621725?
False
Does 161 divide 115759?
True
Does 26 divide 5227586?
True
Is 93 a factor of 375076?
False
Does 74 divide 1014170?
True
Is 589421 a multiple of 85?
False
Is 25 a factor of 524400?
True
Is 52 a factor of 48516?
True
Is 1241 a factor of 14676890?
False
Is 18304 a multiple of 6?
False
Is 990 a factor of 4202791?
False
Does 275 divide 66000?
True
Does 775 divide 410064?
False
Is 11 a factor of 4078360?
True
Is 171453 a multiple of 67?
True
Is 73482 even?
True
Is 7 a factor of 820848?
True
Does 83 divide 2827520?
False
Is 33180 a multiple of 7?
True
Is 50 a factor of 7455?
False
Does 114 divide 139469?
False
Does 383 divide 1436441?
False
Is 153567 a multiple of 135?
False
Does 4 divide 2495022?
False
Is 21 a factor of 899046?
False
Is 1790878 a multiple of 206?
False
Is 136935 a multiple of 179?
True
Does 156 divide 799959?
False
Is 429 a factor of 9780407?
False
Does 1469 divide 1426399?
True
Is 634930 a multiple of 93?
False
Is 50161 a multiple of 12?
False
Is 3949064 a multiple of 727?
True
Does 12 divide 4033512?
True
Is 963787 a multiple of 159?
False
Is 3229357 even?
False
Is 482586 a multiple of 299?
True
Is 584856 a multiple of 36?
True
Is 1990560 a multiple of 220?
True
Is 261 a factor of 117110?
False
Is 44786 a multiple of 457?
True
Does 4 divide 425116?
True
Does 7 divide 535654?
True
Is 67 a factor of 3473595?
False
Is 47006 a multiple of 38?
True
Is 212 a factor of 129812?
False
Does 75 divide 9884550?
True
Is 137 a factor of 2745754?
True
Is 7204045 a multiple of 9?
False
Is 27 a factor of 131976?
True
Does 30 divide 5591286?
False
Is 1297 a factor of 1441019?
False
Is 3628096 a multiple of 2?
True
Is 107844 a multiple of 28?
False
Does 34 divide 56780?
True
Does 14 divide 7644539?
False
Is 335983 a multiple of 213?
False
Does 62 divide 432946?
True
Is 77 a factor of 989602?
False
Does 62 divide 7681118?
True
Does 10 divide 1876520?
True
Does 48 divide 111555?
False
Is 139 a factor of 5209303?
True
Does 181 